 7. Is z(a) a prime number?
False
Let m(y) = -9*y**3 + 3*y**2 - 5. Let f(g) = 8*g**3 - 2*g**2 + g + 4. Let q(l) = -4*f(l) - 3*m(l). Is q(-4) prime?
False
Suppose -2874 = -46*j + 40*j. Is j a prime number?
True
Suppose -85*l - 229155 = -100*l. Is l prime?
True
Let m be 4/(-18) - 66100/(-180). Suppose -w - 5 = m. Let p = -195 - w. Is p prime?
False
Is -4*(-5 + 51815/(-20) + -2) a prime number?
True
Suppose -11 = -2*d + 1. Suppose -d = -a + 13. Is a prime?
True
Suppose -2*g + 4*v = 1904, 20 = -4*v - 0. Let q = -109 - g. Is q prime?
True
Suppose -9 = -2*r - 3. Suppose -4*m + 356 = -2*x - 0*x, -x + r*m = 176. Is x*(3 + -4) - 3 prime?
True
Is 4311/2 - 2*(-3)/(-12) prime?
False
Is 109382/130 - (-1)/(5/(-2)) a composite number?
True
Let c(s) = -3 + 78*s - 138*s - 151*s. Let x(h) = h. Let w(u) = c(u) - x(u). Is w(-1) a prime number?
False
Let s(q) = 6*q**3 + q**2 - 7*q - 8. Let a be s(-6). Let t = a + 2534. Is (t - 2)/2 + 2 a composite number?
True
Let v = 6130 - 2831. Is v prime?
True
Let r be -2 + (-9 - -4) - 2. Let p be (-2)/(15/r - -1). Suppose 502 = 5*n - p*n. Is n a prime number?
True
Let f(o) = o**2 + 10*o + 11. Suppose 4*h + 2*g + 40 = 0, 4 = 3*h - 5*g + 21. Let q be f(h). Suppose 3*b = -12, b = q*y + 723 - 1793. Is y prime?
False
Is -11 + 718119/36 - 2/(-8) a composite number?
False
Let n be -1*(-3)/(-6)*-2. Let x(q) = -1318*q - 17. Let g be x(2). Is (3/n)/((-21)/g) prime?
True
Let y(k) = -k**3 + 11*k**2 - 9*k - 6. Suppose -9 + 69 = 5*j. Suppose 2*g - j = -2*z, -22 - 8 = -4*g + 2*z. Is y(g) prime?
True
Suppose 3*k - 5*y - 73706 = 0, -2*y + 5*y = -4*k + 98236. Is k composite?
True
Suppose -8 = 6*w - 8*w. Is (-981)/(-3) + w/1 composite?
False
Let g = -30 - -31. Let q be g/4 - (-60)/16. Suppose -3*v - 69 = -q*v - 5*z, 0 = 4*z - 8. Is v a prime number?
True
Let a(g) be the third derivative of g**6/120 + 7*g**5/20 + 11*g**4/24 + 31*g**3/6 + 31*g**2. Is a(-20) a prime number?
True
Suppose -3*d = x - 9394, -34054 + 5878 = -3*x - 3*d. Is x composite?
False
Suppose 25*p + 28 = 21*p. Let j(u) = u. Let r(d) = 35*d + 1. Let l(z) = 3*j(z) - r(z). Is l(p) prime?
True
Suppose 4*f = 114 - 10. Is (1*-1)/(f/(-2210)) prime?
False
Suppose 4*y + h - 12154 = -95525, 41669 = -2*y + 5*h. Is y/(-8) + -2 + 3/(-12) composite?
True
Suppose w = -2*i + 1435, w - 2087 = -3*i - 654. Is w prime?
True
Let g(a) = 56*a**3 + a**2 - 14*a - 8. Is g(5) a prime number?
True
Let i(u) be the second derivative of -u**5/20 - 2*u**4/3 - 5*u**3/3 - 3*u**2 + 6*u. Let t be i(-8). Suppose 2*l - 688 + t = 0. Is l composite?
False
Suppose -19*h - 780744 = -43*h. Is h composite?
False
Suppose 0*l = -2*l - w + 3865, 4*w = -5*l + 9670. Let q = l + -815. Is q composite?
True
Suppose 38*n - 17534 = 36*n. Is n prime?
False
Let c(s) = -42*s - 15. Let k(g) = -14*g - 5. Let z(d) = 3*c(d) - 8*k(d). Is z(-5) prime?
False
Let z(s) = 15750*s**2 - 10*s + 9. Is z(1) composite?
False
Suppose 0*c = 2*c - 8. Suppose c*p + p = 0. Suppose p*i + 136 = 4*i - 3*s, -2*s - 66 = -2*i. Is i composite?
False
Suppose -6*o + 1875 = -939. Let w = 744 + o. Is w a prime number?
True
Let v(m) = m**2. Let w(l) = -103*l**2 - 2*l - 3. Let c(s) = -5*v(s) - w(s). Is c(-2) a composite number?
True
Let n be (-2 + 4)*171/2. Let d be (10/(-15))/(2/(-264)). Let t = n - d. Is t a prime number?
True
Let b(t) = -87*t + 74*t - t**2 + 4 + 12. Let h be b(-16). Let j = h - -295. Is j a composite number?
False
Is 16390*(-7)/(-6) + 10/(-15) composite?
False
Let f = -5738 - -15661. Is f prime?
True
Let a(c) = c**3 - 12*c**2 - 13*c - 3. Let d be a(9). Let t = d - -608. Suppose -o = 6*o - t. Is o prime?
False
Suppose 2*c = -5 - 1, -3*t - 2*c + 17493 = 0. Is t composite?
True
Let v be (265/10)/(3/6) + 4. Let w = v - 38. Is w prime?
True
Let v be -6*(-3 - (-14)/6). Is (-5370)/(-24) + (-3)/v prime?
True
Is 29/(1/(58 - 5)) composite?
True
Suppose -3*r - 3 = 0, 383 = 5*p + 4*r - 103. Let z = p - 25. Let n = z - 6. Is n a prime number?
True
Let d(y) = -y**2 - 184*y - 6. Is d(-11) prime?
False
Let w(f) be the second derivative of f**4/12 - f**3/6 - f**2/2 - 9*f. Let q(l) = -68*l**2 - l - 1. Let j(s) = -q(s) + 4*w(s). Is j(-2) a composite number?
True
Suppose -4*s - 4*o = -2179 - 2029, 4*s - 3*o = 4243. Suppose -2*z + s = 5*v, 5*z + v = 2*z + 1566. Is z prime?
True
Suppose 3*c + 3*v = 41400, 3*v = 2*c - 173 - 27432. Is c composite?
True
Is 4/((-168)/(-152369))*6 composite?
False
Let n be 10/(-15) + 34/6 + -2. Is 1*(549/n + -4) composite?
False
Let j = 11874 + -7043. Is j a composite number?
False
Let k(d) be the second derivative of -d**5/20 + 5*d**4/6 - 2*d**3/3 - 9*d**2/2 - 2*d. Let x(u) = u**3 + 5*u**2 - 3*u - 7. Let v be x(-5). Is k(v) prime?
False
Suppose 47013 + 41017 = 10*p. Is p a prime number?
True
Suppose -7*t = -5*t + 2*v - 74960, 2*t - 74945 = 3*v. Is t prime?
False
Let j be (-194)/(-8)*(2 - -6). Let h be (-18705)/(-35) - (-4)/7. Let x = h - j. Is x composite?
True
Let z be (-3)/(-6) + 27*69/2. Let l = 2049 - z. Is l a composite number?
False
Let r = 2045 - 1456. Is r a composite number?
True
Is (3988/14)/((-10)/(-70)) a prime number?
False
Let f(v) = 372*v - 5. Is f(2) prime?
True
Let s = -17 + 21. Let i(l) = 5 + 0 + 2*l**2 + 12*l + s + 2. Is i(-11) a prime number?
False
Suppose -j = -414 - 281. Is -1*(-1)/(5/j) a composite number?
False
Let w(y) = 2*y**2 - 10*y + 9. Suppose -6*u - 49 = 71. Let z be u*((-8)/(-20) - 0). Is w(z) a prime number?
False
Suppose -5*s = -4*k - 9 - 3, 12 = s + 4*k. Suppose -s*v + 4*c = -1216, 15 + 0 = 5*c. Is v composite?
False
Let l be ((-320)/(-60))/((-2)/(-6)). Let c = l - 12. Suppose u + 0*u = -g + 483, 0 = 3*g - c*u - 1421. Is g composite?
False
Let n be 7850/30 + (-1)/(-3). Suppose -w + 53 = -n. Suppose -2*x = f + 2*x - 43, -w = -5*f + 5*x. Is f a composite number?
False
Suppose -5*a - 2395 = -10*a. Let x = -254 + 476. Let i = a - x. Is i prime?
True
Let l(w) = -w**2 - w + 1. Let h be l(0). Let o be 3*(1150/(-6) - h). Is o/(-6) - (-18)/27 a prime number?
True
Let k = -9 - -12. Suppose -5581 = -5*i - 2*d, -4*i + 843 = -k*d - 3631. Is i composite?
False
Let o = -102956 + 195871. Is o a composite number?
True
Suppose -r = -m + 12, -2*r + 16 = m - r. Suppose -m = -3*o + 19. Is o*-9*8/(-24) composite?
True
Let v be (-5 + 7)/((-4)/(-50)). Is 3165/v - (36/(-15) + 2) composite?
False
Suppose 2*t - 11 = -1. Suppose -d + 4*a - t + 19 = 0, -3*d + a + 9 = 0. Suppose -d*l = 63 - 433. Is l prime?
False
Let i(h) = -2*h**3 - 21*h**2 + 10*h - 16. Let a be i(-15). Let w = 3752 - a. Is w composite?
True
Suppose -3*c + 10 - 7 = 0. Is 2706/4 - c/(-2) a prime number?
True
Suppose 0*d - 5*d - 1505 = 0. Let h = 144 - d. Is h a prime number?
False
Let d = 135 - 132. Suppose -5*f - 7 - d = 0, f = -5*x + 6803. Is x a composite number?
False
Let q = 43 + -39. Suppose -2*g = -q*l - 1394, 3*l - 3501 = -5*g + 5*l. Is g a prime number?
True
Suppose 54 - 15 = 3*w. Let b = 66 - w. Suppose 4*i - 3*x = b, -5*i - 3*x + 49 = -x. Is i a prime number?
True
Suppose -9*c - 5*c + 185122 = 0. Is c a prime number?
False
Let f(b) = b**2 + 8*b - 7. Let r(q) = -q**3 + 13*q**2 - 12*q + 4. Let p be r(12). Suppose 2*u - p = 6. Is f(u) a composite number?
True
Suppose 59*p = 135241 + 240766. Is p prime?
True
Let b = 51210 - -6125. Is b composite?
True
Is (57568/40)/7 - 4/(-10) composite?
True
Is 4543 + 5 - -7 - -4 composite?
True
Suppose 2*y = 0, 2*y + 0 = -w + 4. Let h(v) = v**2 + v + 243. Let t be h(0). Suppose 329 = w*n - t. Is n composite?
True
Suppose 0*a - 3*w + 4 = -4*a, -a = -4*w + 1. Let f be 0 - (-7)/(21/6). Is (982/4 - a)*f a prime number?
False
Suppose -25 = -4*c - c. Suppose -c*f - 7*b + 3*b = -23, 2*f - 5*b + 4 = 0. Suppose f*n - n - 174 = 0. Is n a prime number?
False
Suppose 0 = 2*n - 3 - 61. Let w be 1 + 6/(-2) + n. Is (w/12)/((-2)/(-20)) composite?
True
Suppose z = 2 + 2, 5*q + 5 = 5*z. Suppose 4*s = -8*b + 3*b + 12195, -4*s - q*b = -12197. Is (-18)/72 - s/(-8) a prime number?
False
Suppose 2*f + 6 = f + n, -2*n - 8 = 3*f. Is (1/(-1) - -154) + f prime?
True
Let j(v) = -v**2 - 6*v + 12. Let m be j(-7). Suppose m*l - 4*l - 1087 = 0. Is l prime?
True
Let h be 1/3*(-24)/(-8). Let i(w) = 12*w - h - 12*w + 48*w**2. Is i(-2) prime?
True
Suppose 5*d + 2*q - 17030 = q, 3*d - 10196 = -5*q. Is d a prime number?
True
Let h = -2 + 271. Is h a composite n